 2ab1 (base 12) to base 11.
3862
Convert 10947 (base 10) to base 3.
120000110
400 (base 14) to base 9
1061
Convert -1302201 (base 4) to base 10.
-7329
What is 21295 (base 10) in base 5?
1140140
What is 1101010110111 (base 2) in base 3?
100101022
What is 2002 (base 5) in base 8?
374
What is 324200 (base 6) in base 9?
40750
-2991 (base 14) to base 3
-101010022
-134251 (base 6) to base 14
-4863
What is 320004 (base 6) in base 7?
135403
12305 (base 7) to base 11
2485
Convert 7836 (base 9) to base 6.
42440
What is 2211021211 (base 3) in base 4?
31210333
What is -30635 (base 9) in base 14?
-750d
Convert -21a (base 15) to base 7.
-1246
What is -1505 (base 8) in base 14?
-43b
Convert -567 (base 11) to base 4.
-22212
What is 3528 (base 10) in base 9?
4750
-33a (base 12) to base 8
-736
-1332354 (base 6) to base 9
-123107
Convert -23d4 (base 15) to base 2.
-1110111001000
Convert 2021122 (base 3) to base 6.
11412
1102110 (base 3) to base 6
4450
Convert 1236 (base 9) to base 13.
561
11110000010010 (base 2) to base 8
36022
7bcc (base 15) to base 7
136440
What is 110001011 (base 2) in base 11?
32a
Convert -3250 (base 9) to base 6.
-15030
Convert -22104 (base 5) to base 15.
-6be
What is -161 (base 12) in base 14?
-117
-13b4b (base 15) to base 7
-352352
464 (base 9) to base 2
101111110
1323 (base 7) to base 2
111111011
What is 938 (base 10) in base 15?
428
-201 (base 14) to base 12
-289
What is -1010110110001 (base 2) in base 7?
-22122
3a7 (base 11) to base 6
2120
eac (base 16) to base 7
13644
Convert -3043 (base 12) to base 7.
-21156
-439 (base 13) to base 10
-724
26165 (base 7) to base 4
1230230
Convert -2011012 (base 3) to base 2.
-11000100011
What is -1 (base 14) in base 4?
-1
-2202120 (base 3) to base 16
-7dd
240424 (base 6) to base 9
31587
Convert -130123 (base 5) to base 15.
-175d
What is -1112222111 (base 3) in base 2?
-111011110001100
Convert -1037 (base 12) to base 8.
-3353
-8b44 (base 13) to base 12
-b343
-2543 (base 9) to base 11
-147a
Convert -13447 (base 13) to base 11.
-24a65
120012 (base 3) to base 14
214
Convert -2540 (base 15) to base 7.
-32064
1204 (base 5) to base 8
263
What is 1111020 (base 4) in base 8?
12510
-6831 (base 11) to base 7
-35130
Convert 111100000 (base 2) to base 3.
122210
What is -1101101100 (base 2) in base 11?
-727
What is -6100 (base 12) in base 13?
-4a28
What is 1030302 (base 4) in base 10?
4914
124051 (base 6) to base 9
16404
What is -16016 (base 8) in base 13?
-3366
What is 15913 (base 10) in base 2?
11111000101001
What is 4018 (base 11) in base 12?
3113
Convert 1567 (base 8) to base 12.
61b
1451 (base 7) to base 3
210022
What is 4721 (base 10) in base 13?
21c2
What is a850 (base 12) in base 7?
104625
-573 (base 16) to base 15
-630
5213 (base 12) to base 3
110021020
Convert -114332 (base 5) to base 6.
-32034
What is 19191 (base 11) in base 2?
110100011011001
Convert 10032 (base 5) to base 16.
282
1a31 (base 11) to base 10
2575
321422 (base 5) to base 9
15808
30013 (base 5) to base 10
1883
Convert -1444e (base 15) to base 10.
-65099
What is 4581 (base 9) in base 11?
2606
Convert -200102012 (base 3) to base 16.
-3470
Convert -12441 (base 5) to base 7.
-2622
1164 (base 8) to base 12
444
What is -3694 (base 13) in base 15?
-2451
Convert -384 (base 15) to base 2.
-1100011111
What is -3052b (base 12) in base 16?
-f5f3
715 (base 8) to base 6
2045
1301 (base 7) to base 13
2ba
What is -1c008 (base 13) in base 14?
-1603b
b23 (base 14) to base 3
10000000
Convert 1242243 (base 5) to base 3.
1020212202
What is 11141 (base 6) in base 16?
625
Convert -10010121 (base 3) to base 11.
-1797
-110b (base 15) to base 4
-320123
16112 (base 7) to base 4
1012211
What is 343 (base 7) in base 10?
178
What is -10101111 (base 2) in base 15?
-ba
What is 42534 (base 7) in base 15?
31e0
What is -c0d (base 14) in base 13?
-10cc
Convert 32b1 (base 14) to base 6.
104351
What is -312433 (base 6) in base 13?
-b631
-11011010100 (base 2) to base 7
-5045
Convert d49 (base 15) to base 2.
101110110010
What is -23012103 (base 4) in base 10?
-45459
Convert 211121 (base 3) to base 12.
42a
Convert 121001 (base 3) to base 12.
301
25475 (base 10) to base 2
110001110000011
Convert -244240 (base 5) to base 6.
-111052
What is 21220012 (base 3) in base 4?
1121330
Convert -3520 (base 11) to base 8.
-11014
Convert -12477 (base 11) to base 8.
-42717
301303 (base 5) to base 10
9578
Convert 46c7 (base 16) to base 11.
12682
Convert 2014 (base 14) to base 9.
7487
What is 4529 (base 10) in base 15?
151e
Convert -7b1 (base 13) to base 8.
-2457
-211101 (base 3) to base 14
-312
-36b (base 14) to base 7
-1664
Convert 100100110111 (base 2) to base 9.
3211
What is -331 (base 4) in base 2?
-111101
23661 (base 7) to base 6
44320
-8b27 (base 12) to base 8
-36117
What is 211202 (base 3) in base 12?
432
Convert -232015 (base 6) to base 8.
-46653
-141343 (base 5) to base 3
-22000121
-22d8 (base 14) to base 16
-17b6
-1444 (base 6) to base 4
-12010
What is -271b2 (base 12) in base 7?
-312662
-23a9 (base 13) to base 5
-130130
Convert 13948 (base 12) to base 14.
9d20
What is 10437 (base 8) in base 5?
120013
What is 659 (base 15) in base 8?
2632
Convert -4d (base 16) to base 3.
-2212
What is 566c (base 14) in base 9?
22507
Convert -1594 (base 10) to base 14.
-81c
-1011101001 (base 2) to base 7
-2113
Convert -65536 (base 7) to base 3.
-211111011
-674 (base 12) to base 11
-796
What is c8 (base 16) in base 6?
532
What is 2526 (base 9) in base 15?
85c
What is 33881 (base 9) in base 2?
101100000111111
364323 (base 7) to base 11
45950
Convert 1711 (base 9) to base 10.
1306
Convert -23253 (base 8) to base 6.
-113455
50a0 (base 12) to base 13
3cab
-4104 (base 7) to base 5
-21200
-1545 (base 7) to base 16
-26d
What is 25 (base 6) in base 14?
13
157 (base 13) to base 5
1431
Convert -e1 (base 16) to base 8.
-341
-3db1 (base 14) to base 6
-122343
What is -10220222 (base 3) in base 7?
-11225
What is 611 (base 7) in base 4?
10232
What is -8476 (base 9) in base 16?
-1851
What is 20210221 (base 4) in base 7?
204241
Convert c67 (base 13) to base 5.
31423
Convert -3b8 (base 14) to base 5.
-11000
Convert ab4b (base 14) to base 7.
152324
What is -381 (base 10) in base 16?
-17d
What is -4e0 (base 15) in base 4?
-101112
-8841 (base 10) to base 7
-34530
Convert -117 (base 14) to base 10.
-217
What is 612 (base 12) in base 2?
1101101110
-11001001 (base 2) to base 3
-21110
-2413 (base 8) to base 12
-8b7
295 (base 15) to base 3
210212
What is -2040 (base 5) in base 16?
-10e
What is 10313 (base 6) in base 5?
21123
What is 787 (base 12) in base 14?
595
Convert -3032 (base 4) to base 6.
-542
What is 4235 (base 7) in base 10?
1496
What is 10222 (base 5) in base 13?
40b
-4670 (base 9) to base 14
-1397
Convert -1021200 (base 3) to base 7.
-2505
1383 (base 9) to base 10
1047
What is 101102202 (base 3) in base 9?
11382
Convert -11100100 (base 2) to base 4.
-3210
-418 (base 14) to base 7
-2231
-2753 (base 13) to base 4
-1120031
What is 2437 (base 11) in base 9?
4330
What is 10111100111 (base 2) in base 3?
2001222
Convert -3443 (base 13) to base 11.
-5557
Convert -21321 (base 4) to base 6.
-2533
What is 220233 (base 4) in base 12?
1613
685 (base 11) to base 16
333
-29c4 (base 15) to base 11
-6805
Convert 2792 (base 13) to base 6.
42212
-296 (base 11) to base 13
-209
What is -36430 (base 8) in base 11?
-10829
What is -10001110100 (base 2) in base 16?
-474
Convert 1290 (base 12) to base 8.
4114
What is 5e89 (base 15) in base 12?
b7b6
What is -2234 (base 6) in base 12?
-37a
What is 11341 (base 5) in base 13?
501
Convert -290 (base 13) to base 7.
-1220
Convert 3000302 (base 4) to base 15.
39c8
Convert -12102310 (base 4) to base 8.
-62264
What is 361 (base 12) in base 2?
111111001
Convert 230012 (base 4) to base 7.
11141
What is -22407 (base 9) in base 13?
-6a30
-421c (base 16) to base 15
-5034
a341 (base 11) to base 4
3112112
What is 254 (base 9) in base 16?
d3
b3dc (base 14) to base 3
1120110220
Convert 118 (base 15) to base 13.
161
101042 (base 5) to base 7
12353
-311 (base 14) to base 13
-375
What is -1614 (base 8) in base 10?
-908
30200 (base 9) to base 4
10312011
What is 18e6 (base 15) in base 8?
12417
193 (base 11) to base 10
223
Convert -215 (base 8) to base 5.
-1031
What is 1133211 (base 5) in base 2?
101001001000000
Wha